e the prime factors of 4365?
3, 5, 97
What are the prime factors of 23380?
2, 5, 7, 167
List the prime factors of 115057.
115057
What are the prime factors of 10052?
2, 7, 359
List the prime factors of 578.
2, 17
List the prime factors of 1458.
2, 3
What are the prime factors of 1205?
5, 241
What are the prime factors of 8595?
3, 5, 191
List the prime factors of 536.
2, 67
List the prime factors of 4426.
2, 2213
What are the prime factors of 21379?
21379
List the prime factors of 13613.
13613
List the prime factors of 95208.
2, 3, 3967
List the prime factors of 162.
2, 3
List the prime factors of 2405.
5, 13, 37
List the prime factors of 232.
2, 29
What are the prime factors of 4268?
2, 11, 97
What are the prime factors of 46412?
2, 41, 283
List the prime factors of 11561.
11, 1051
List the prime factors of 5824.
2, 7, 13
List the prime factors of 29699.
17, 1747
What are the prime factors of 87581?
13, 6737
List the prime factors of 15961.
11, 1451
What are the prime factors of 7477?
7477
What are the prime factors of 30787?
17, 1811
List the prime factors of 49114.
2, 13, 1889
What are the prime factors of 6763?
6763
What are the prime factors of 11570?
2, 5, 13, 89
What are the prime factors of 1047?
3, 349
What are the prime factors of 2098?
2, 1049
What are the prime factors of 581?
7, 83
List the prime factors of 2793.
3, 7, 19
List the prime factors of 12194.
2, 7, 13, 67
List the prime factors of 807.
3, 269
What are the prime factors of 453?
3, 151
List the prime factors of 3172.
2, 13, 61
List the prime factors of 6561.
3
List the prime factors of 1588.
2, 397
What are the prime factors of 4212?
2, 3, 13
List the prime factors of 79372.
2, 19843
List the prime factors of 10288.
2, 643
List the prime factors of 732.
2, 3, 61
What are the prime factors of 464?
2, 29
List the prime factors of 12248.
2, 1531
What are the prime factors of 4561?
4561
What are the prime factors of 132748?
2, 7, 11, 431
List the prime factors of 268.
2, 67
List the prime factors of 5770.
2, 5, 577
List the prime factors of 1097.
1097
What are the prime factors of 1511?
1511
List the prime factors of 6694.
2, 3347
What are the prime factors of 7977?
3, 2659
What are the prime factors of 890?
2, 5, 89
List the prime factors of 222.
2, 3, 37
List the prime factors of 27789.
3, 59, 157
List the prime factors of 8081.
8081
List the prime factors of 2921.
23, 127
List the prime factors of 12143.
12143
List the prime factors of 57639.
3, 19213
What are the prime factors of 45741?
3, 79, 193
List the prime factors of 1493.
1493
List the prime factors of 4851.
3, 7, 11
What are the prime factors of 5916?
2, 3, 17, 29
List the prime factors of 16516.
2, 4129
List the prime factors of 6259.
11, 569
List the prime factors of 1676.
2, 419
List the prime factors of 145.
5, 29
List the prime factors of 3491.
3491
What are the prime factors of 26043?
3, 8681
What are the prime factors of 1314?
2, 3, 73
List the prime factors of 1868.
2, 467
List the prime factors of 4683.
3, 7, 223
List the prime factors of 8111.
8111
List the prime factors of 5577.
3, 11, 13
List the prime factors of 415.
5, 83
What are the prime factors of 1126?
2, 563
What are the prime factors of 51791?
67, 773
What are the prime factors of 1583?
1583
List the prime factors of 3377.
11, 307
List the prime factors of 172.
2, 43
List the prime factors of 56773.
56773
List the prime factors of 662.
2, 331
List the prime factors of 2524.
2, 631
List the prime factors of 1147.
31, 37
What are the prime factors of 3313?
3313
List the prime factors of 9023.
7, 1289
List the prime factors of 1333.
31, 43
What are the prime factors of 161694?
2, 3, 13, 691
List the prime factors of 395.
5, 79
List the prime factors of 26398.
2, 67, 197
List the prime factors of 2227.
17, 131
List the prime factors of 2485.
5, 7, 71
List the prime factors of 1349.
19, 71
What are the prime factors of 1621?
1621
What are the prime factors of 226?
2, 113
List the prime factors of 670.
2, 5, 67
What are the prime factors of 1881?
3, 11, 19
List the prime factors of 52760.
2, 5, 1319
What are the prime factors of 351?
3, 13
List the prime factors of 8692.
2, 41, 53
What are the prime factors of 827?
827
List the prime factors of 16964.
2, 4241
What are the prime factors of 12304?
2, 769
List the prime factors of 82691.
7, 11813
What are the prime factors of 2992?
2, 11, 17
List the prime factors of 265.
5, 53
List the prime factors of 5336.
2, 23, 29
List the prime factors of 24330.
2, 3, 5, 811
List the prime factors of 2005.
5, 401
What are the prime factors of 2752?
2, 43
List the prime factors of 17133.
3, 5711
List the prime factors of 121431.
3, 17, 2381
List the prime factors of 50154.
2, 3, 13, 643
List the prime factors of 9042.
2, 3, 11, 137
What are the prime factors of 160680?
2, 3, 5, 13, 103
What are the prime factors of 2072?
2, 7, 37
What are the prime factors of 84798?
2, 3, 7, 673
What are the prime factors of 9945?
3, 5, 13, 17
List the prime factors of 5764.
2, 11, 131
List the prime factors of 1155.
3, 5, 7, 11
What are the prime factors of 7360?
2, 5, 23
List the prime factors of 2399.
2399
What are the prime factors of 2182?
2, 1091
What are the prime factors of 2112?
2, 3, 11
What are the prime factors of 2667?
3, 7, 127
List the prime factors of 11421.
3, 47
What are the prime factors of 1162?
2, 7, 83
What are the prime factors of 18592?
2, 7, 83
List the prime factors of 332.
2, 83
List the prime factors of 4290.
2, 3, 5, 11, 13
List the prime factors of 2456.
2, 307
List the prime factors of 3627.
3, 13, 31
List the prime factors of 8539.
8539
List the prime factors of 166761.
3, 7, 2647
What are the prime factors of 518?
2, 7, 37
List the prime factors of 3231.
3, 359
What are the prime factors of 7595?
5, 7, 31
What are the prime factors of 11365?
5, 2273
List the prime factors of 1454.
2, 727
What are the prime factors of 9314?
2, 4657
What are the prime factors of 623?
7, 89
What are the prime factors of 806?
2, 13, 31
What are the prime factors of 20528?
2, 1283
What are the prime factors of 95333?
7, 13619
What are the prime factors of 17?
17
List the prime factors of 406.
2, 7, 29
What are the prime factors of 620?
2, 5, 31
What are the prime factors of 4170?
2, 3, 5, 139
List the prime factors of 4224.
2, 3, 11
What are the prime factors of 9666?
2, 3, 179
List the prime factors of 100368.
2, 3, 17, 41
List the prime factors of 1816.
2, 227
What are the prime factors of 73465?
5, 7, 2099
What are the prime factors of 38942?
2, 19471
List the prime factors of 15258.
2, 3, 2543
What are the prime factors of 125307?
3, 7, 13, 17
What are the prime factors of 158942?
2, 7, 11353
What are the prime factors of 872?
2, 109
What are the prime factors of 2339?
2339
What are the prime factors of 1352?
2, 13
What are the prime factors of 9701?
89, 109
List the prime factors of 27201.
3, 9067
List the prime factors of 605.
5, 11
List the prime factors of 2476.
2, 619
What are the prime factors of 6033?
3, 2011
List the prime factors of 41454.
2, 3, 7, 47
What are the prime factors of 3289?
11, 13, 23
List the prime factors of 3393.
3, 13, 29
What are the prime factors of 5630?
2, 5, 563
What are the prime factors of 784?
2, 7
List the prime factors of 10112.
2, 79
What are the prime factors of 15698?
2, 47, 167
What are the prime factors of 7996?
2, 1999
What are the prime factors of 365?
5, 73
List the prime factors of 936.
2, 3, 13
List the prime factors of 1238.
2, 619
What are the prime factors of 935?
5, 11, 17
What are the prime factors of 2372?
2, 593
List the prime factors of 2856.
2, 3, 7, 17
List the prime factors of 5762.
2, 43, 67
List the prime factors of 66.
2, 3, 11
What are the prime factors of 1215?
3, 5
What are the prime factors of 817?
19, 43
What are the prime factors of 134?
2, 67
List the prime factors of 13328.
2, 7, 17
List the prime factors of 2607.
3, 11, 79
What are the prime factors of 6126?
2, 3, 1021
What are the prime factors of 4021?
4021
List the prime factors of 2772.
2, 3, 7, 11
What are the prime factors of 114926?
2, 7, 8209
List the prime factors of 18420.
2, 3, 5, 307
List the prime factors of 419.
419
List the prime factors of 1404.
2, 3, 13
What are the prime fact